lculate l(7).
-24
Let b(g) = 342*g - 6418. Determine b(18).
-262
Let h(v) = -2*v**3 - 4*v**2 + 62*v - 48. What is h(-11)?
1448
Let f(b) = b**3 + 11*b**2 + 5519*b + 60702. Give f(-11).
-7
Let m(l) = 17*l**2 - 1388*l - 498. Calculate m(82).
-6
Let u(j) = -j**3 + 88*j**2 + 1309*j - 370. What is u(101)?
-774
Let n(s) = -3*s**2 - 529*s + 40996. Calculate n(58).
222
Let c(o) = -2*o**2 + 702*o - 55716. What is c(225)?
984
Let t(a) = 2530*a + 1869671. What is t(-739)?
1
Let j(p) = 152290*p + 16904196. What is j(-111)?
6
Let p(u) = -119*u - 7401. Determine p(-59).
-380
Let i(a) = 2*a**3 - 1176*a**2 - 2335*a - 14750. Calculate i(590).
0
Let w(b) = 5634*b + 8236925. What is w(-1462)?
17
Let a(q) = 8*q**2 + 1276*q + 10105. What is a(-8)?
409
Let l(s) = -7*s**3 - 2*s**2 + 42*s + 52. Calculate l(-3).
97
Let d(u) = u**2 - 39854*u + 1035562. Calculate d(26).
34
Let g(i) = 8769*i - 3393580. Calculate g(387).
23
Let d(n) = -n**3 - 311*n**2 + 4187*n - 8097. Calculate d(-324).
3
Let f(i) = 2*i**2 + 11*i + 188. What is f(-22)?
914
Let f(v) = 2*v**2 - 325*v + 7783. What is f(29)?
40
Let w(m) = 7*m**2 + 3937*m + 169555. Give w(-47).
-21
Let w(m) = -9*m**2 + 539*m + 10201. Give w(75).
1
Let d(n) = -n**3 - 71*n**2 + 204*n + 18931. Calculate d(-70).
-249
Let m(l) = l**3 + 114*l**2 + 337*l + 500. Determine m(-111).
56
Let i(h) = 22*h**2 - 240*h + 615. Determine i(4).
7
Let a(s) = s**2 + 4190*s + 606024. Determine a(-150).
24
Let d(t) = -t**3 - 137*t**2 + 2275*t - 332. Determine d(-152).
428
Let d(u) = 36*u**2 - 9203*u - 149864. Give d(271).
-1
Let c(t) = -3*t**2 + 220*t - 5108. Calculate c(50).
-1608
Let a(b) = 448*b + 2498. What is a(-6)?
-190
Let l(u) = u**3 - 121*u**2 + 3626*u + 233. Determine l(55).
13
Let w(s) = 2*s**2 + 404*s - 5573. Give w(13).
17
Let r(b) = -1375*b + 533504. What is r(388)?
4
Let p(t) = 5*t**3 - 113*t**2 + 145*t - 1746. Calculate p(22).
-8
Let f(d) = -d**3 + 18*d**2 - 71*d + 396. Determine f(14).
186
Let f(i) = 7*i**3 - 1580*i**2 - 448*i - 826. Calculate f(226).
78
Let h(k) = -7*k**3 - 463*k**2 - 67*k - 65. Determine h(-66).
1
Let q(m) = m**3 - 20*m**2 + 73*m - 617. Give q(20).
843
Let k(t) = -t**2 - 48*t + 2164. Determine k(-76).
36
Let l(m) = -607*m + 4922. Determine l(6).
1280
Let h(u) = -2154*u + 3952. Determine h(3).
-2510
Let j(p) = -110310*p + 772160. Calculate j(7).
-10
Let h(d) = -2*d**2 - 116*d - 31. Determine h(-27).
1643
Let o(y) = 9*y - 1912. Determine o(63).
-1345
Let v(k) = 55*k**2 + 2386*k - 1492. What is v(-44)?
4
Let k(m) = -21*m**3 + 5*m**2 + 110*m - 116. Give k(1).
-22
Let v(m) = m**3 + 7*m**2 + 164*m + 1425. Calculate v(-8).
49
Let m(g) = -3*g**2 - 401*g - 11847. Calculate m(-44).
-11
Let v(o) = -18979*o + 94924. Calculate v(5).
29
Let p(s) = -s**3 + 39*s**2 - 361*s + 5363. Give p(33).
-16
Let o(f) = 934131*f + 6538920. What is o(-7)?
3
Let w(q) = -61*q**3 + 210*q**2 + 178*q - 158. Give w(4).
10
Let z(v) = 58218*v - 232868. Give z(4).
4
Let w(m) = 12*m**2 - 179*m - 2. What is w(-1)?
189
Let g(x) = 20167*x - 685673. Give g(34).
5
Let k(r) = -r**2 - 768*r - 98790. Determine k(-606).
-618
Let r(v) = -1493*v**2 - 13456*v - 73. Calculate r(-9).
98
Let o(u) = 4*u**3 + 90*u**2 - 418*u - 9. Give o(4).
15
Let p(k) = -663*k + 37761. What is p(57)?
-30
Let w(k) = 7*k**3 - 257*k**2 - 204*k + 4806. Calculate w(37).
-4
Let j(r) = -r**2 - 168412*r + 842029. Give j(5).
-56
Let n(b) = 361*b - 6339. Give n(18).
159
Let x(q) = -q**3 + 14*q**2 + 461*q + 553. Calculate x(30).
-17
Let p(w) = -2*w**2 - 1394*w - 235045. Calculate p(-286).
47
Let p(z) = 64*z**2 + 101*z + 49. Determine p(-1).
12
Let f(d) = -5*d**3 - 7*d**2 + 497*d + 2030. What is f(-5)?
-5
Let p(k) = -k**3 - 394*k**2 + 494*k + 348596. Give p(-393).
5
Let k(b) = -6797*b + 305826. What is k(45)?
-39
Let z(p) = 2*p**3 + 69*p**2 - 152*p - 6305. Calculate z(-34).
19
Let n(d) = -d**2 - 110*d - 2974. What is n(-56)?
50
Let c(a) = -2*a**2 - 844*a - 24247. Calculate c(-391).
-5
Let q(f) = 4*f**2 - 31325*f - 1417725. Give q(-45).
0
Let y(p) = 3*p**3 - 415*p**2 - 288*p + 1404. Give y(139).
14
Let m(f) = f**2 + 185761*f - 1486158. Give m(8).
-6
Let s(v) = 21*v**2 - 2740*v - 24536. Give s(-9).
1825
Let d(x) = -4183*x**2 + 4*x - 2. Calculate d(0).
-2
Let a(q) = q**2 + 7889*q - 134357. Give a(17).
45
Let o(x) = x**3 - 161*x**2 - 969*x - 5624. Determine o(167).
-113
Let h(n) = n**3 - 24*n**2 - 1490*n + 35664. Give h(24).
-96
Let w(u) = -61*u**2 + 1435*u + 5. Calculate w(23).
741
Let u(r) = 2*r**3 + 5*r**2 - 48*r + 177. Calculate u(-10).
-843
Let i(f) = 2*f**3 + 109*f**2 - 7031*f + 30. What is i(38)?
-8
Let x(z) = -2*z**2 + 3514*z + 38758. What is x(-11)?
-138
Let y(s) = -1227*s + 830680. Determine y(677).
1
Let i(z) = 1005*z - 7775. Give i(8).
265
Let j(w) = -w**3 + 12*w**2 + 47351*w - 568233. Give j(12).
-21
Let p(l) = 13188*l**2 - 633026*l + 96. Calculate p(48).
0
Let j(i) = -47*i**2 + 24*i + 9536. Determine j(-14).
-12
Let a(j) = 54*j**2 + 385*j + 644. Give a(-4).
-32
Let u(s) = 81*s**3 - s**2 - 65*s + 119. Give u(2).
633
Let u(b) = -3893*b + 23328. Give u(6).
-30
Let l(q) = -1437242*q - 3. What is l(0)?
-3
Let c(a) = 10*a**2 - 6184*a + 72775. Give c(12).
7
Let o(b) = -68*b**2 + 4*b - 930. What is o(0)?
-930
Let o(b) = 68*b**2 + 266*b + 184. Calculate o(-3).
-2
Let r(s) = 2*s**3 - 60*s**2 + 483*s - 1101. Give r(7).
26
Let b(o) = o**3 - o**2 - 884*o - 8318. Give b(-22).
-2
Let f(q) = -2*q**3 - 3*q**2 + 11*q - 741. What is f(-8)?
3
Let b(y) = 731*y - 8946. Give b(15).
2019
Let l(w) = -w**2 - 2340*w + 223741. Calculate l(92).
-3
Let s(v) = 11*v**2 - 85*v - 2161. Give s(-11).
105
Let y(f) = -2*f**2 - 2251*f - 31131. Determine y(-14).
-9
Let m(a) = -1941*a + 420094. Determine m(216).
838
Let q(z) = 6275*z - 131696. Calculate q(21).
79
Let m(y) = 10*y**2 - 296*y - 605. Give m(-2).
27
Let l(n) = 7*n**3 - 1411*n**2 + 696*n + 21703. Calculate l(201).
-5
Let v(l) = 10*l**3 - 31*l**2 + 81*l - 231. What is v(3)?
3
Let w(y) = y**3 + 734*y**2 + 8599*y - 46901. What is w(-722)?
29
Let j(b) = 2*b**2 + 134*b - 3875. Give j(22).
41
Let k(d) = 33*d**3 - 326*d**2 + 491*d - 5296. Calculate k(10).
14
Let a(i) = 1958*i + 581528. Calculate a(-297).
2
Let h(m) = -24017*m - 312323. What is h(-13)?
-102
Let i(z) = 19*z**2 + 320*z + 1374. What is i(-7)?
65
Let q(c) = -17*c**2 - 134*c - 409. Give q(-7).
-304
Let y(p) = -2*p**2 + 15595*p - 7770863. Give y(535).
12
Let z(g) = -445695*g**2 - 891391*g + 5. Give z(-2).
7
Let t(i) = 11*i**3 + 525*i**2 - 2423*i + 1084. Give t(-52).
-8
Let g(s) = -4*s**2 - 381*s - 5332. Give g(-17).
-11
Let p(k) = -k**3 - 4*k**2 + 16748*k + 100502. Calculate p(-6).
86
Let m(t) = 1522102*t - 12176810. Give m(8).
6
Let b(z) = z**3 + 179*z**2 + 247*z + 44344. Determine b(-179).
131
Let n(d) = -d**3 + 23*d**2 - 15*d + 474. Determine n(23).
129
Let g(s) = -s**3 - 49*s**2 - 532*s + 193. Give g(-33).
325
Let h(i) = -17*i**2 - 517*i + 4674. Give h(9).
-1356
Let v(y) = 12*y**2 - 394*y + 56. Give v(32).
-264
Let d(n) = -1882*n**3 - 673754*n**2 + 717*n + 356. Determine d(-358).
-2
Let q(h) = 251*h - 14688. Give q(58).
-130
Let z(y) = 2157*y - 45295. Give z(21).
2
Let q(t) = -956788*t + 41141888. Determine q(43).
4
Let t(c) = -718*c + 47416. What is t(66)?
28
Let c(f) = 44*f**2 - 2024*f - 83. Calculate c(46).
-83
Let n(k) = -19*k**2 - 260*k - 523. Calculate n(-12).
-139
Let g(w) = 8838*w + 1210807. What is g(-137)?
1
Let g(z) = -36*z**2 - 1038*z + 143. Determine g(-29).
-31
Let o(b) = b**3 - 267*b**2 + 12980*b + 565. What is o(64)?
-203
Let x(v) = v**3 + 22*v**2 + 422*v + 11376. Determine x(-24).
96
Let o(z) = 3*z**3 - 127*z**2 - 1286*z - 2036. Calculate o(51).
4
Let i(l) = -8*l**2 + 2206*l + 8931. Calculate i(-4).
-21
Let a(u) = -10*u**3 - 71*u**2 + 118*u + 882. Calculate a(-7).
7
Let r(q) = -42*q**3 - 86*q**2 - 40*q - 71. Give r(-2).
1
Let j(x) = -22555*x - 383447. Give j(-17).
-12
Let g(u) = -u**2 + 6076*u + 36486. What is g(-6)?
-6
Let y(g) = 258*g**2 - 19088*g - 299. Give y(74).
-3
Let j(k) = 127738*k + 4598564. What is j(-36)?
-4
Let i(c) = 466*c + 25548. Calculate i(-55).
-82
Let c(w) = -w**3 + 48*w**2 + 8*w - 113. What is c(48)?
271
Let k(b) = 119*b - 5333. Calculate k(43).
-216
Let q(k) = -10985*k + 3679971. Determine q(335).
-4
Let w(v) = 14*v**2 - 91*v + 17. What is w(-7)?
1340
Let g(r) = -7*r**